lculate the greatest common divisor of 53 and k.
53
Suppose -741*u - 23067 = -45851 - 73546. Let a = 96 + -18. Calculate the highest common divisor of a and u.
26
Let k be 11/(55/(-30))*4. Let o be (k + 15)/(1/(-8)). Calculate the highest common factor of o and 96.
24
Let a = 69156 - 69140. Suppose 4*j - 240 = -0*j + 4*w, -j - 2*w + 48 = 0. What is the greatest common factor of j and a?
8
Let d = -38 + 41. Suppose -3*x + 3*l + 291 = 0, -5*x - d*l + 138 = -363. Let k = 179 - x. What is the greatest common factor of k and 20?
20
Suppose 3*z = 12, -5*z - 1942 = -12*d + 15*d. Let r be (-4)/(-10) - (8 + d/15). What is the greatest common factor of r and 90?
18
Suppose -24*o + 38 = -23*o. Let k = o - 14. Calculate the greatest common factor of 42 and k.
6
Let p be -4*3/(-4)*7. Let d = -7492 - -8269. Calculate the greatest common divisor of d and p.
21
Suppose 48 = 12*o - 24. Suppose -o*m = -85 + 73. Calculate the greatest common divisor of m and 22.
2
Suppose -4*u + 76354 = 5*i, -4*i = -0*u + 2*u - 61088. What is the greatest common factor of 14 and i?
14
Let o be 2 - (-9 + 3) - -3. Suppose -256 = o*p - 12*p. Calculate the highest common factor of 64 and p.
64
Let d be (-161)/(-14) + (-5)/(-10). Let m(b) = -2*b**2 + 24*b + 10. Let n be m(d). Calculate the greatest common divisor of 290 and n.
10
Let z(s) = -s**2 - 10*s + 25. Let d be z(-12). Let u be 67 + -64 + (160 - d)/1. Suppose -2*l + 54 = 18. Calculate the highest common divisor of l and u.
18
Suppose 3*i = 4*y + 115, -18*y + i = -17*y + 30. Let z = 33 + y. Suppose 4*s - 3 = 1. What is the greatest common factor of z and s?
1
Let y be 32 + 7 + 4 + -9. What is the greatest common factor of y and 2312?
34
Let n(a) = 4*a**3 - 3*a**2 + 355*a - 1065. Let f be n(3). Calculate the highest common factor of 13 and f.
1
Let o(u) = 72*u**2 - 6*u - 3. Let m be o(1). Suppose -3*a = 3 - 0. Let v(k) = -9*k**3 - k**2 - k. Let l be v(a). What is the greatest common divisor of m and l?
9
Let h = 208 - 174. Suppose -88 = -5*p - x, x + h = 4*p - 40. Calculate the highest common divisor of p and 27.
9
Let u be (0 + 1/1)*(-12)/(-4). Suppose u*i = 4*q + 79, -4*i - 5*q + 130 = -27. What is the highest common divisor of i and 77?
11
Let d be (-5 - 90/(-14))/((-5)/(1*-105)). Calculate the highest common factor of 624 and d.
6
Suppose -11*s + 98 = -9*s. Let w = 52 - s. Suppose 2*j = -0*j - w*q + 64, -3*j + 3*q + 96 = 0. Calculate the greatest common divisor of 4 and j.
4
Suppose -5*i + a = -22138, a - 19593 + 6315 = -3*i. What is the highest common factor of 38 and i?
19
Suppose -162*s = -166*s + 1216. Calculate the greatest common divisor of s and 133.
19
Let j be 2 - 9/3 - -45. Let x be j/2*(-1)/(-1). Suppose -2*c + 386*i = 388*i - 68, 4*i = 5*c - 161. What is the highest common divisor of x and c?
11
Suppose -w - 4*v + 1081 = 0, -162*w + 164*w - v = 2126. What is the highest common divisor of w and 285?
15
Let o = -1833 + 1875. What is the highest common factor of o and 174?
6
Let x be (-454)/(-4)*(-6 + 8). Suppose 0 = -6*r + x + 31. Calculate the greatest common factor of r and 645.
43
Let y(k) = 4*k - 20. Let d be y(6). Suppose d*t - 7*t = -21. Let b be (-5)/(t - -3)*-114. Calculate the highest common divisor of b and 19.
19
Suppose -4*b + 3*v = -8*b + 266, 2*b - 2*v - 126 = 0. Suppose -2*k - 2 = -c + 3, 4*k = -3*c + b. Calculate the highest common factor of c and 30.
15
Let q be (0 - -4 - (-15)/(-6))*86. Suppose -81 = 8*o - q. What is the greatest common divisor of 102 and o?
6
Suppose 3*w - 153 = -4*y, -5*y = -3*w + 50 + 130. Calculate the highest common factor of w and 345.
5
Suppose 2432 = 21*x + 11*x. Calculate the greatest common factor of 874 and x.
38
Let h be (-5 - -12) + (-1624)/(-7). Let p = h - 185. Calculate the highest common factor of 270 and p.
54
Let n be ((-6)/2)/(3/129). Let l = n + -196. Let h be 50/l - 158/(-13). What is the highest common factor of h and 108?
12
Suppose -24 = 214*v - 215*v - 3*a, 60 = 4*v + 3*a. What is the greatest common factor of 5028 and v?
12
Suppose -c - 5*w = -104, 5*c + 7*w - 572 = 8*w. Let x = -30 + c. Calculate the highest common factor of x and 112.
28
Let m(b) = 5*b**2 - 2*b + 4. Let f be ((-2)/(-4))/((-3)/18). Let w be m(f). Let l be (-10)/7*(-420)/120. Calculate the highest common factor of w and l.
5
Let u be 24*(-264)/(-18) + -5. Let d be (-12)/4 + u + -1. Calculate the highest common factor of 14 and d.
7
Let g be 577 + (18*1/2 - 1). Calculate the highest common divisor of g and 315.
45
Let o(r) = -2*r**3 + 12*r**2 + 21*r - 14. Let b be o(7). What is the greatest common divisor of 35 and b?
35
Let x = -7603 + 7610. What is the greatest common divisor of x and 21?
7
Let w(a) = 2*a**2 + 1. Let b be w(-7). Let j(h) = h**2 - 38*h + 249. Let o be j(8). Calculate the highest common factor of o and b.
9
Let g(y) = -223*y + 253. Let d be g(1). Calculate the highest common factor of d and 12.
6
Suppose -59056 + 10208 = -43*n. What is the greatest common divisor of n and 142?
142
Suppose -8*u - 4*v = -7*u + 3, -2 = v. Suppose 0 = u*h + 5*y - 45, 0 = -3*h - 5*y + 7*y + 12. Calculate the greatest common divisor of 12 and h.
6
Suppose 0 = -b - 6 + 8. Suppose b*f + z - 5*z + 8 = 0, 3*f - 28 = -4*z. Suppose 4*i - 66 = -c - 7, 12 = f*c. What is the highest common divisor of i and 21?
7
Suppose 11*b = 6461 - 1269. Calculate the greatest common factor of b and 40.
8
Suppose 3*n - 8*i - 96 = -11*i, -5*n + 164 = 4*i. Let u be n/(-14)*616/(-33). What is the greatest common divisor of 112 and u?
16
Let l be (-45)/(6/(-2) - -4). Let i be (3/(-2) - -4)*(-1566)/l. Calculate the highest common factor of 87 and i.
87
Let k be 1/3 + 8/3 - (-935551)/43. What is the highest common factor of k and 40?
40
Suppose 194*b = 198*b - 4. Let x be (b/(2/(-31)))/((-87)/174). Calculate the highest common factor of 1 and x.
1
Let i = 39 + 113. Suppose -v - 3*v + 52 = 0. Suppose 0 = -5*q + v + 177. Calculate the greatest common divisor of i and q.
38
Let l be (-25)/((-50)/4992) - (12 + -12). Calculate the greatest common divisor of l and 1728.
192
Let y(u) = -4*u**2 - 210*u + 161. Let z be y(-48). Calculate the greatest common divisor of 164 and z.
41
Suppose 107*j + 4*r + 53520 = 111*j, 0 = 4*j - r - 53511. Calculate the greatest common factor of j and 39.
39
Let b(m) = -2*m**2 + 20*m - 7. Let y be b(8). Suppose -5*n - 5 = -3*f + f, -2*f + 4*n = -8. What is the highest common divisor of f and y?
5
Let o be ((2/(-3))/(-2))/(5/(-135)). Let t = 256 + o. What is the greatest common divisor of 19 and t?
19
Suppose -54 = -3*a - 6. Suppose -19*k - 8*k - 189 = 0. Let c(p) = -18*p - 110. Let o be c(k). Calculate the greatest common factor of a and o.
16
Let b = 440 + -391. Suppose -32*x + b = -25*x. What is the highest common factor of x and 63?
7
Let d be 9/(-36) + (-34)/(-8). Suppose -d = -7*w + 6*w. Suppose -4*u - w = -12, -3*x + 5*u + 59 = 0. Calculate the highest common factor of x and 115.
23
Let y be (-6)/(-6) + -2 + 103. Let r = 109 - y. Calculate the greatest common factor of r and 77.
7
Suppose b = -4*a + 11, a - 33 = -2*b + 3. Let r(j) = -j**3 - 27*j**2 - 173*j + 11. Let o be r(-18). What is the greatest common divisor of o and b?
19
Let r(u) be the third derivative of u**4/24 + 14*u**3/3 - 31*u**2 - u. Let i be r(-19). Calculate the greatest common factor of i and 63.
9
Let t = -1088 + 1511. Calculate the highest common factor of 235 and t.
47
Let f(u) = u - 2. Let z(o) = -6*o - 26. Let l(y) = 15*f(y) + 3*z(y). Let p be l(-40). What is the highest common factor of p and 54?
6
Let p be (-12 - -2)*((-5)/2 + 2). Suppose 3*v - 3*j - 15 = 0, -2*v + j + 1 + 8 = 0. Suppose -19*t + 17*t = -v. What is the greatest common factor of t and p?
1
Let s = 448 + -445. Suppose -2*r + s*w + 135 + 56 = 0, -4*w - 12 = 0. What is the highest common factor of r and 65?
13
Let v(f) = -f**2 + 15*f + 20. Let x = 62 + -38. Suppose -3*a - 42 = -2*z, 72 - x = 4*z + 3*a. Let p be v(z). Calculate the greatest common factor of 50 and p.
10
Let u be 3*(21/9 - 1). Suppose 0 = 9*j - 98 + 26. Let o be (30/j)/(1 - (-25)/(-40)). What is the greatest common factor of o and u?
2
Let o be ((1 - 4) + 4)*3 + -8. Let i(y) = 6*y**2 + 15*y - 18. Let z be i(o). What is the greatest common divisor of z and 133?
19
Suppose 0 = -4*i - 3*s + 2